07 + -98)) + 53.
40
Calculate 44 - ((-2 - -7) + (-40 - -29) - 8).
58
Calculate -17 - (-11 + (41 - 29) + (-65 - -2)).
45
What is the value of 30 - ((45 - 8) + -20) - 12 - -5?
6
What is (-20 - -9) + (-6 + 98 + (-5 - 2) - -1)?
75
Calculate (-10 - 0 - -4 - (6 + 7)) + -7.
-26
What is the value of 101 - (-33 - (-157 + 60))?
37
What is the value of -2 - (-5 - 89) - (10 - (8 + 14 + -16))?
88
Calculate 4 + 0 - (-25 - (-9 - -18)) - (-2 - 0).
40
What is 30 + -10 + (6 - -19) - (20 + 2 + -10)?
33
What is the value of (10 - (11 + (4 - -6)) - -58) + 4?
51
What is 23 + -42 + ((-3 - -5 - 17) + 6 - -8)?
-20
(5 - -3 - 8) + 0 - (-6 + -8)
14
What is the value of -50 - -4 - (-5 + 0 - (15 - 18))?
-44
What is 1 - -15 - (-4 - -36) - (-8 + -46)?
38
-12 + -55 + -132 - -130
-69
Evaluate (3 - (2 - 0)) + (-17 - 64 - -118).
38
What is the value of 2 + (0 - 0) + -60 + 93 + -51 + -42?
-58
-28 + -15 + 39 - (-2 - (-1 - (30 - 2)))
-31
What is 218 + -167 + 96 - 125?
22
Calculate -494 - -458 - (-57 + 2).
19
What is -4 + -3 + 46 - 15?
24
-76 - -54 - (-65 - -61)
-18
What is 19 - (36 + (34 - 49))?
-2
Evaluate 65 + (3 - (10 + -14)) + -13 + -2.
57
What is the value of -8 - -2 - (-10 + 4 + -10 + 7)?
3
(-41 - -13 - -23) + -27
-32
-27 + 10 + -26 - (-14 - (1 + -9 + 2))
-35
What is (144 - (-47 + 127)) + (7 - (-3 - 1))?
75
Evaluate -5 + 13 + (-49 + -3 - -1) + (-96 - -106).
-33
Evaluate -12 + 10 + 0 + 0 + 9 - (169 + -244).
82
What is the value of 37 - ((56 - -18) + -47)?
10
What is the value of -1 - (6 - (15 - 5))?
3
(10 + 13 - 21) + 2 + -8 + -12
-16
Evaluate -88 - ((-32 - 64) + 53).
-45
What is the value of (-36 - -17) + 0 + 11 + 19?
11
What is the value of (63 - 17) + -49 - (-1 + 19) - 3?
-24
What is 18 - (8 - (-10 + 12)) - -7?
19
What is -42 - (-142 + (120 - -55))?
-75
What is -22 + -36 + 23 + (5 - -2 - 6)?
-34
Calculate (-6 - -2 - (39 - 66 - -12)) + 1.
12
Calculate -111 + 92 + -92 - -220.
109
What is (-44 - ((-7 - -20) + -26)) + 14?
-17
What is the value of -3 + (1 + -9 - (16 - -16))?
-43
Calculate 16 - (77 + -29 - 28) - (-42 - (0 + -3)).
35
76 - (3 - -9 - (1 - (-2 + 12)))
55
(0 - 16) + (117 - 71 - (28 + -8))
10
Calculate (14 - 29) + (-10 + -1 + (240 - 107) - -10).
117
What is 64 + -91 - -144 - 68?
49
-1 + -53 + (19 - -82)
47
What is -15 + -1 + -12 + 51 + -3?
20
Evaluate (1 - -22) + 74 + (206 - 292).
11
Evaluate 135 + -68 - (-3 + -7 + 8 + -1 + -5).
75
Evaluate 3 + 29 + (-201 - -198) - -17.
46
What is the value of -2939 + 2926 - ((1 - 1) + 3) - (18 - 12)?
-22
What is the value of 11 - (-8 + -35 + 15)?
39
Evaluate (26 + 0 - 8) + -44.
-26
Calculate -41 - (-19 - -64 - 44).
-42
Calculate -23 + 1 + (52 - 178 - -63).
-85
Calculate 61 - (-117 + 128) - -79.
129
What is the value of 5 + -31 + (0 - -8) - (5 + -10 + 2)?
-15
Evaluate (-5 - 16) + -2 + (1204 - 1201).
-20
What is the value of (-30 - (-36 - 1)) + (3 - (-25 + 0))?
35
Calculate (68 - 25) + 20 + -47.
16
What is 105 - (236 + -37 + -120)?
26
Calculate 4 + -2 + -13 - (41 - (18 + -38)).
-72
Evaluate (24 - -1) + (1399 - 1384).
40
What is the value of -7 + (-9 - (7 + -31)) + (8 - 2)?
14
What is the value of 122 - (-130 - (-431 + 53))?
-126
What is the value of 56 - (-5 + (-35 - -173))?
-77
-10 - (-9 - -4) - (0 + 2) - -15 - -55
63
What is -114 + 143 + 67 + 4 - 30?
70
-8840 + 8780 - (1 - 91)
30
Calculate 48 + -5 + 1 - (1557 + -1562).
49
-59 + -86 + (-77 - -205)
-17
Evaluate (-9 - ((-2 - 0) + -1) - (2635 + -2729)) + -12.
76
What is the value of -89 + (-27 - (-98 + -52))?
34
What is (55 - 1) + -8045 + 7948?
-43
Evaluate -19 - 14 - (41 + -52).
-22
What is -13 + 13 + (-25 - 9)?
-34
Calculate 21 + -41 - (6 + (-8 - 1) + 6 + -11).
-12
(99 - (36 - -57)) + (0 - 1) + 36
41
What is the value of (-1 + 1 - 9) + 89 + -285 + 202?
-3
(3 - 12) + -9 - (37 - 22)
-33
-77 + (-161 - -153) + (19 + -4 - 1) + -6
-77
What is 18 + (-245 - (130 - 257))?
-100
What is the value of -112 - (-131 + (18 - -14))?
-13
(-113 - -56) + 64 - -10
17
Evaluate ((-3 - (7 - -2 - 6)) + 8 - 17) + 3.
-12
(-42 + 5 - -23) + 35 + 6
27
Calculate 45 + 76 + -62 + 0 + -2 + -3.
54
Evaluate -96 + (12 - ((1 + (-1 - -10) - 6) + -1)).
-87
What is (144 - 118) + 25 - (30 + -2)?
23
What is 10 + 33 + 0 + (66 - 69)?
40
Calculate 3 + (1 - 2) + (1498 - 1477).
23
(37 - 29 - (9 + 13 + 0)) + 6
-8
55 - (39 + -30 + 70)
-24
10 + (0 - 7 - (-23 - -19 - -29 - 33))
11
Evaluate -8 + (9 + (-16 - -8) - 1) + 38.
30
-21 + (1 + 6 + 13 - 34)
-35
Calculate 1 + -5 + 15 + -9 - 3.
-1
Calculate -15 + (4 - -9) - -46 - 4.
40
What is the value of (-1301 - -1366) + (-10 - (-1 - (0 + 2)))?
58
What is the value of (87 - 18 - -8) + 12?
89
Evaluate -18 - (2 - 76 - (-4 - 2)).
50
-17 + (41 + -35 - 2 - -34)
21
Calculate 12 - (5 + 9 - (18 - (-107 + -8))).
131
Calculate -35 - 3 - (-1185 - -1132).
15
What is the value of (-21 - (62 - 89) - (0 - -4)) + -42?
-40
(-13 - (-7 - 50)) + -53 - (0 + 91)
-100
Evaluate -13 + (-88 - (-1 + -20)) - (-16 + -2).
-62
What is 2233 + -2136 + -1 + (0 - 15)?
81
-2 + 64 + -1723 + 1677
16
What is 16 + -32 - (-54 + 14)?
24
Evaluate (-46 + -8 - -67) + -10 + -1 - -42.
44
What is (559 - 600) + 0 + -30?
-71
Evaluate -15 - (-8 - -5) - (25 - (-17 - -14)).
-40
Evaluate 756 + -765 + (72 - 1 - (-1 + -3)).
66
What is the value of -15 + (-4 - (-14 - (-1 + -2))) - 2 - 5?
-15
(-6 - (-6 + 0 - -14)) + 48 + -32
2
(-1 + 5 + 1 - (125 + -124)) + 29
33
Calculate -14 + 9 - 10 - (-31 + 10).
6
What is 8 - 1 - (-642 + 603)?
46
What is (2849 - 2862) + -2 + 1 + 6?
-8
47 + -49 + (3 - (1 - -3)) - (-26 - 0)
23
What is -20 - 50 - -43 - -58?
31
What is the value of -6 - (-309 + 306 - (-3 + (0 - -1) + -56))?
-61
Calculate -819 + 883 + (-2 - 29).
33
What is the value of (11 - 0) + (-1 - -2) - (-268 - (-16 - 376))?
-112
What is the value of 13 - ((-19 - (27 - 4)) + 6 + 17)?
32
What is (63 + -29 - (71 - 41)) + 11 + 2 + -4?
13
Calculate -17 - (-6 - 1 - -17) - -19.
-8
Evaluate -3 - (-22 + 7 + (-21 - -50) + -13).
-4
What is (-1 - (-20 - 37)) + -40?
16
What is the value of (12 - ((-14 - -13) + 10)) + 13 + -3?
13
What is the value of -21 - (16 - (-6 - -2) - 18)?
-23
What is the value of -19 - (-14 - -47 - 35) - (22 - -3)?
-42
What is the value of 56 + 28 + (-27 - -6) + -3?
60
11 + (9 - 30) + 6 - 7
-11
-5 - 0 - (46 - 58) - -20
27
What is (3 - 115) + 112 + 39?
39
What is the value of -10833 + 10659 + (86 - -1)?
-87
What is (-8 - (-10 - 7)) + -5 - (-261 + 307)?
-42
What is the value of -6 - (6 + -11 + 59 + -6 + -84 + 89)?
-59
What is the value of 13 + -131 - (-54 - 69)?
5
Calculate -9 + -8 + (-16 + 37 - 16).
-12
52 + 34 + (-72 - 17)
-3
What is the value of 8 + (-12 - 7) - (785 + -687 + -7 + 1)?
-103
-50 + -10 + 4 - 2 - (6 + -9 + -3)
-52
What is the value of (106 - 37) + -32 + 9 + 15?
61
What is the value of -3 - (-6 + -10 + 7 - (3 + 32))?
41
What is the value of 0 + (-5 - (117 + (2 - 9))) - (-125 + 115)?
-105
Calculate -4 - 35 - ((-7 - -7) + 24).
-63
What is 9 - (-3 - (1 + -6 + -6 + -7))?
-6
Evaluate -62 - (-11 - (26 - -34)).
9
What is the value of -683 - -632 - (5 - 35)?
-21
What is the value of 58 + ((-6 + 3 - 7) + 5 - -8)?
61
Calculate 9 + (-22 - (905 + -797 + 0 + -3)).
-118
Evaluate -6 + (4 - 103 - 1) - (641 - 651).
-96
Evaluate (3 - -1) + 734 + -720.
18
Evaluate 29 + 28 + -40 + 40.
57
Evaluate (5 - -1) + 1 + (-19 - -22 - 11).
-1
What is -89 + (-1 - (-2 + -4)) - ((39 - 55) + 13)?
-81
-10 - (-28 + 31) - -3 - (-1 + -88 + -1)
80
What is the value of -41 - 0 - (49 + (100 - 169))?
-21
What is the value of (19 - 33) + (-2 - -2) + -10 + 79?
55
60 + 61 + (-125 - -12)
8
What is 70 - (-121 - -127 - (5 - (9 + (-7 - -3))))?
64
-5 + 3 + (2 - 6 - 0) - (4164 + -4262)
92
What is the value of 35 + -1 + 34 + -18 + (82 - 74)?
58
Evaluate -27 + (36 - 24 - 7) + -22.
-44
What is the value of (2 - (8 - 18)) + (0 - -3)?
15
What is 0 + (-1 - -3) + 93 - (412 + (-537 - -123))?
97
Evaluate 64 + 39 + -7 + 0.
96
What is the value of -39 - (-16 + -149 - -46)?
80
11 + -17 - (-6 - (-10 - -11) - -45)
-44
What is the value of (0 + 15 - (31 + -24 + 5)) + 77 + -6?
74
Calculate (-12 - (0 - 0) - -1) + (-2935 - -2963).
17
What is 27 - 104 - 9 - -68?
-18
(155 - 86) + (-28 - 12)
29
What is -308 + 325 - ((6 - 6) + 22)?
-5
What is the value of (64 - 56) + (-12 - (-5 - -10))?
-9
Evaluate 78 + -15 + 106 + -76.
93
Calculate 122 + (4 - 117) + 57.
66
Evaluate (-109 - -139) + -16 + -1.
13
Calculate (7 - 3)